te the remainder when 311195117 is divided by 88.
13
Calculate the remainder when 10942117 is divided by 188657.
11
What is the remainder when 741820 is divided by 17226?
1102
What is the remainder when 43062 is divided by 10390?
1502
Calculate the remainder when 130026 is divided by 4613.
862
Calculate the remainder when 1402456265 is divided by 43.
42
What is the remainder when 32898359 is divided by 264?
263
Calculate the remainder when 4276472 is divided by 18.
14
What is the remainder when 334341941 is divided by 147?
143
Calculate the remainder when 17901765 is divided by 219.
48
What is the remainder when 180275 is divided by 400?
275
What is the remainder when 10210 is divided by 593?
129
What is the remainder when 32246029 is divided by 16122959?
111
Calculate the remainder when 7641728 is divided by 355.
353
What is the remainder when 10846 is divided by 162?
154
Calculate the remainder when 1446351 is divided by 31417.
1169
Calculate the remainder when 57963 is divided by 10886.
3533
What is the remainder when 13357 is divided by 352?
333
What is the remainder when 69228 is divided by 3906?
2826
Calculate the remainder when 1697852 is divided by 1961.
1587
Calculate the remainder when 151252077 is divided by 24767.
8
Calculate the remainder when 771382 is divided by 257036.
274
Calculate the remainder when 98569 is divided by 227.
51
Calculate the remainder when 246308 is divided by 1085.
13
Calculate the remainder when 86469 is divided by 2272.
133
What is the remainder when 82056278 is divided by 143?
18
Calculate the remainder when 583675 is divided by 26488.
939
Calculate the remainder when 174984 is divided by 1495.
69
Calculate the remainder when 256790 is divided by 28.
2
What is the remainder when 19442129 is divided by 345?
344
What is the remainder when 75379 is divided by 4552?
2547
What is the remainder when 61922476 is divided by 3305?
3301
Calculate the remainder when 53966 is divided by 5364.
326
Calculate the remainder when 14981200 is divided by 3266.
58
What is the remainder when 75252569 is divided by 54969?
8
What is the remainder when 28130 is divided by 966?
116
What is the remainder when 14031 is divided by 13328?
703
What is the remainder when 3468055 is divided by 608?
23
What is the remainder when 50188721 is divided by 113?
110
What is the remainder when 4319736 is divided by 61?
21
What is the remainder when 331189073 is divided by 27?
26
Calculate the remainder when 3267009 is divided by 64058.
51
What is the remainder when 276819 is divided by 12008?
635
Calculate the remainder when 497165213 is divided by 69.
65
What is the remainder when 31684083 is divided by 2921?
2917
What is the remainder when 27602688 is divided by 303?
297
What is the remainder when 446966 is divided by 753?
437
What is the remainder when 3864974 is divided by 3864966?
8
Calculate the remainder when 138405 is divided by 69167.
71
Calculate the remainder when 660192 is divided by 2.
0
What is the remainder when 8589265 is divided by 30?
25
What is the remainder when 6802956 is divided by 212591?
44
What is the remainder when 2941005 is divided by 2008?
1293
Calculate the remainder when 409506 is divided by 255.
231
What is the remainder when 20641984 is divided by 49?
48
What is the remainder when 731676 is divided by 243775?
351
Calculate the remainder when 7384982 is divided by 157.
16
Calculate the remainder when 398772 is divided by 2618.
836
What is the remainder when 17073 is divided by 1994?
1121
Calculate the remainder when 3361421 is divided by 508.
493
What is the remainder when 26084126 is divided by 57454?
10
Calculate the remainder when 14201 is divided by 5321.
3559
What is the remainder when 9363598 is divided by 89?
86
What is the remainder when 474468 is divided by 617?
612
What is the remainder when 231697 is divided by 38596?
121
Calculate the remainder when 2553089 is divided by 121.
110
What is the remainder when 6296672 is divided by 2377?
2376
What is the remainder when 151531 is divided by 5?
1
What is the remainder when 166561904 is divided by 5040?
5024
What is the remainder when 77090574 is divided by 1097?
1093
What is the remainder when 5979 is divided by 4606?
1373
What is the remainder when 98313645 is divided by 349?
345
What is the remainder when 3223080 is divided by 128923?
5
What is the remainder when 737919 is divided by 1474?
919
Calculate the remainder when 33273 is divided by 10892.
597
Calculate the remainder when 6515173 is divided by 21.
7
Calculate the remainder when 14211 is divided by 2576.
1331
Calculate the remainder when 11737971 is divided by 553.
546
What is the remainder when 812388 is divided by 403943?
4502
Calculate the remainder when 847280 is divided by 423.
11
Calculate the remainder when 9336413 is divided by 61.
58
Calculate the remainder when 2616064 is divided by 5.
4
What is the remainder when 250474992 is divided by 5375?
5367
What is the remainder when 10193402 is divided by 79?
32
What is the remainder when 594182 is divided by 148545?
2
Calculate the remainder when 86263 is divided by 74.
53
What is the remainder when 48382 is divided by 849?
838
What is the remainder when 61235757 is divided by 11504?
11469
What is the remainder when 278104 is divided by 68083?
5772
Calculate the remainder when 1973549 is divided by 762.
731
Calculate the remainder when 507913 is divided by 1976.
81
Calculate the remainder when 18899261 is divided by 1314.
1313
Calculate the remainder when 3276016 is divided by 819000.
16
What is the remainder when 14601243 is divided by 2433524?
99
Calculate the remainder when 678184 is divided by 14743.
6
What is the remainder when 71287 is divided by 13895?
1812
Calculate the remainder when 19943 is divided by 9823.
297
Calculate the remainder when 962645 is divided by 320773.
326
Calculate the remainder when 1189559 is divided by 1189338.
221
What is the remainder when 143423 is divided by 46822?
2957
What is the remainder when 327473 is divided by 261?
179
Calculate the remainder when 10377790 is divided by 118.
44
What is the remainder when 104894184 is divided by 4663?
4662
What is the remainder when 583810 is divided by 5997?
2101
Calculate the remainder when 12279 is divided by 1371.
1311
What is the remainder when 5287 is divided by 153?
85
Calculate the remainder when 732504 is divided by 14.
10
What is the remainder when 1556188 is divided by 34?
8
Calculate the remainder when 593246 is divided by 192.
158
What is the remainder when 1342509 is divided by 1790?
9
Calculate the remainder when 42306477 is divided by 134.
131
What is the remainder when 93862283 is divided by 1251497?
8
What is the remainder when 764902 is divided by 254710?
772
What is the remainder when 40494719 is divided by 240?
239
Calculate the remainder when 4210574 is divided by 2999.
2977
What is the remainder when 16223 is divided by 15701?
522
What is the remainder when 77149791 is divided by 675?
666
Calculate the remainder when 11018299 is divided by 29941.
11
What is the remainder when 18804598 is divided by 337?
335
What is the remainder when 1501471 is divided by 3662?
51
What is the remainder when 38218899 is divided by 107?
104
Calculate the remainder when 112278 is divided by 2659.
600
Calculate the remainder when 825914 is divided by 52.
50
Calculate the remainder when 15747197 is divided by 640.
637
What is the remainder when 2829329 is divided by 27?
26
What is the remainder when 6837676 is divided by 951?
937
What is the remainder when 17985 is divided by 14764?
3221
Calculate the remainder when 15573512 is divided by 11.
9
Calculate the remainder when 1762903 is divided by 3867.
3418
Calculate the remainder when 194990 is divided by 8090.
830
What is the remainder when 3200192 is divided by 1254?
1238
What is the remainder when 33459555 is divided by 22?
19
Calculate the remainder when 5556961 is divided by 57.
31
Calculate the remainder when 14631525 is divided by 31.
21
Calculate the remainder when 13058031 is divided by 20245.
6
What is the remainder when 26477597 is divided by 61?
59
What is the remainder when 1594022 is divided by 4760?
4182
Calculate the remainder when 161558 is divided by 11496.
614
What is the remainder when 659390 is d